e units digit of 2999?
9
What is the thousands digit of 2214?
2
What is the thousands digit of 38014?
8
What is the tens digit of 15267?
6
What is the ten thousands digit of 18167?
1
What is the tens digit of 2046?
4
What is the units digit of 53?
3
What is the units digit of 154804?
4
What is the tens digit of 275?
7
What is the thousands digit of 5453?
5
What is the units digit of 1356?
6
What is the tens digit of 42807?
0
What is the units digit of 47989?
9
What is the units digit of 3403?
3
What is the units digit of 7094?
4
What is the units digit of 6753?
3
What is the hundreds digit of 34663?
6
What is the units digit of 4275?
5
What is the hundreds digit of 1670?
6
What is the thousands digit of 1548?
1
What is the units digit of 4930?
0
What is the hundreds digit of 20554?
5
What is the tens digit of 1623?
2
What is the tens digit of 347?
4
What is the hundreds digit of 10739?
7
What is the hundreds digit of 2602?
6
What is the thousands digit of 1886?
1
What is the hundreds digit of 42918?
9
What is the ten thousands digit of 10242?
1
What is the units digit of 13039?
9
What is the thousands digit of 8516?
8
What is the thousands digit of 3699?
3
What is the thousands digit of 8267?
8
What is the thousands digit of 2373?
2
What is the hundreds digit of 6446?
4
What is the thousands digit of 4974?
4
What is the hundreds digit of 1447?
4
What is the units digit of 5432?
2
What is the units digit of 232?
2
What is the hundreds digit of 4144?
1
What is the thousands digit of 3759?
3
What is the units digit of 49?
9
What is the tens digit of 908?
0
What is the hundreds digit of 59929?
9
What is the hundreds digit of 133958?
9
What is the units digit of 10879?
9
What is the thousands digit of 1358?
1
What is the hundreds digit of 27549?
5
What is the tens digit of 295?
9
What is the thousands digit of 1944?
1
What is the units digit of 1141?
1
What is the tens digit of 17000?
0
What is the hundreds digit of 2026?
0
What is the units digit of 5456?
6
What is the hundreds digit of 9225?
2
What is the tens digit of 3643?
4
What is the tens digit of 1325?
2
What is the units digit of 2896?
6
What is the hundreds digit of 55698?
6
What is the hundreds digit of 51290?
2
What is the ten thousands digit of 51655?
5
What is the hundreds digit of 7978?
9
What is the units digit of 1826?
6
What is the hundreds digit of 52303?
3
What is the units digit of 95684?
4
What is the tens digit of 1034?
3
What is the ten thousands digit of 25286?
2
What is the thousands digit of 27892?
7
What is the thousands digit of 1351?
1
What is the hundreds digit of 46458?
4
What is the hundreds digit of 2201?
2
What is the tens digit of 50173?
7
What is the tens digit of 40093?
9
What is the tens digit of 3179?
7
What is the tens digit of 98848?
4
What is the hundreds digit of 2200?
2
What is the hundreds digit of 1887?
8
What is the units digit of 5402?
2
What is the tens digit of 15996?
9
What is the units digit of 141?
1
What is the hundreds digit of 49953?
9
What is the tens digit of 962?
6
What is the units digit of 104145?
5
What is the thousands digit of 59143?
9
What is the tens digit of 19676?
7
What is the units digit of 77633?
3
What is the ten thousands digit of 10606?
1
What is the hundreds digit of 14291?
2
What is the hundreds digit of 7218?
2
What is the hundreds digit of 5428?
4
What is the units digit of 609?
9
What is the tens digit of 4435?
3
What is the thousands digit of 37912?
7
What is the hundreds digit of 8080?
0
What is the ten thousands digit of 52199?
5
What is the hundred thousands digit of 139396?
1
What is the hundreds digit of 85074?
0
What is the hundreds digit of 54289?
2
What is the tens digit of 931?
3
What is the hundreds digit of 3830?
8
What is the ten thousands digit of 12349?
1
What is the units digit of 54439?
9
What is the tens digit of 1741?
4
What is the hundreds digit of 39035?
0
What is the tens digit of 147?
4
What is the hundreds digit of 22895?
8
What is the units digit of 1142?
2
What is the ten thousands digit of 58665?
5
What is the tens digit of 36271?
7
What is the thousands digit of 5594?
5
What is the ten thousands digit of 72780?
7
What is the hundred thousands digit of 111124?
1
What is the units digit of 951?
1
What is the units digit of 5804?
4
What is the units digit of 2946?
6
What is the tens digit of 10984?
8
What is the ten thousands digit of 100162?
0
What is the hundreds digit of 13877?
8
What is the hundreds digit of 10650?
6
What is the tens digit of 19773?
7
What is the units digit of 11383?
3
What is the units digit of 5962?
2
What is the units digit of 7397?
7
What is the hundreds digit of 1392?
3
What is the thousands digit of 4360?
4
What is the hundreds digit of 2109?
1
What is the thousands digit of 5379?
5
What is the units digit of 12114?
4
What is the tens digit of 415?
1
What is the units digit of 56?
6
What is the hundreds digit of 2756?
7
What is the ten thousands digit of 154590?
5
What is the tens digit of 95765?
6
What is the thousands digit of 3201?
3
What is the units digit of 12943?
3
What is the hundreds digit of 53443?
4
What is the tens digit of 754?
5
What is the thousands digit of 15095?
5
What is the units digit of 4853?
3
What is the tens digit of 2079?
7
What is the ten thousands digit of 71554?
7
What is the hundreds digit of 312?
3
What is the units digit of 720?
0
What is the tens digit of 985?
8
What is the tens digit of 1366?
6
What is the units digit of 1970?
0
What is the units digit of 1131?
1
What is the units digit of 19757?
7
What is the units digit of 73134?
4
What is the tens digit of 1693?
9
What is the units digit of 920?
0
What is the units digit of 21203?
3
What is the tens digit of 81?
8
What is the tens digit of 15021?
2
What is the units digit of 1514?
4
What is the hundred thousands digit of 100930?
1
What is the units digit of 3327?
7
What is the units digit of 1191?
1
What is the units digit of 7244?
4
What is the hundreds digit of 589?
5
What is the tens digit of 649?
4
What is the tens digit of 1310?
1
What is the hundreds digit of 1303?
3
What is the units digit of 39388?
8
What is the hundreds digit of 7355?
3
What is the hundreds digit of 8055?
0
What is the tens digit of 4310?
1
What is the tens digit of 11012?
1
What is the hundreds digit of 620?
6
What is the units digit of 733?
3
What is the units digit of 12960?
0
What is the units digit of 823?
3
What is the units digit of 1493?
3
What is the thousands digit of 2809?
2
What is the thousands digit of 2316?
2
What is the units digit of 1367?
7
What is the tens digit of 65?
6
What is the tens digit of 130605?
0
What is the units digit of 2957?
7
What is the tens digit of 9418?
1
What is the units digit of 22196?
6
What is the thousands digit of 4253?
4
What is the thousands digit of 16567?
6
What is the hundreds digit of 551?
5
What is the units digit of 4676?
6
What is the thousands digit of 1143?
1
What is the hundreds digit of 51943?
9
What is the tens digit of 2767?
6
What is the thousands digit of 2421?
2
What is the hundreds digit of 6046?
0
What is the units digit of 7618?
8
What is the units digit of 1425?
5
What is the hundreds digit of 47913?
9
What is the hundreds digit of 380?
3
What is the units digit of 9043?
3
What is the units digit of 533?
3
What is the units digit of 8449?
9
What is the units digit of 6855?
5
What is the ten thousands digit of 15984?
1
What is the tens digit of 835?
3
What is the tens digit of 1224?
2
What is the hundreds digit of 806?
8
What is the tens digit of 1000?
0
What is the tens digit of 2029?
2
What is the units digit of 2818?
8
What is the tens digit of 150204?
0
What is the units digit of 1327?
7
What is the hundreds digit of 651?
6
What is the units digit of 3354?
4
What is the hundreds digit of 1505?
5
What is the tens digit of 1138?
3
What is the units digit of 2155?
5
What is the tens digit of 11424?
2
What is the hundreds digit of 487?
4
What is the tens digit of 953?
5
What is the tens digit of 18012?
1
What is the hundreds digit of 4406?
4
What is the ten thousands digit of 33313?
3
What is the thousands digit of 3955?
3
What is the thousands digit of 5021?
5
What is the thousands digit of 9609?
9
What is the ten thousands digit of 13